{"id":85,"date":"2022-11-16T16:40:39","date_gmt":"2022-11-16T16:40:39","guid":{"rendered":"https:\/\/joogarada.ee\/pood\/?post_type=product&#038;p=85"},"modified":"2025-01-06T14:35:42","modified_gmt":"2025-01-06T14:35:42","slug":"markmik-ja-pliiats","status":"publish","type":"product","link":"https:\/\/joogarada.ee\/pood\/product\/markmik-ja-pliiats\/","title":{"rendered":"M\u00e4rkmik ja pliiats"},"content":{"rendered":"","protected":false},"excerpt":{"rendered":"<p class=\"Standard\"><span lang=\"EN-GB\">Unikaalne illustreeritud kaantega kivipaberist m\u00e4rkmik ja s\u00fcdame s\u00f5numiga harilik pliiats (HB).<\/span><\/p>\n<p class=\"Standard\"><span lang=\"EN-GB\">Formaat A5.<\/span><\/p>\n<p class=\"Standard\"><span lang=\"EN-GB\">M\u00e4rkmiku sisu on ruuduline v\u00f5i valge.<\/span><\/p>\n<p><a href=\"https:\/\/joogarada.ee\/pood\/wp-content\/uploads\/2022\/11\/kvaliteedimark7.png\"><img loading=\"lazy\" decoding=\"async\" class=\"alignnone size-full wp-image-107\" src=\"https:\/\/joogarada.ee\/pood\/wp-content\/uploads\/2022\/11\/kvaliteedimark7.png\" alt=\"\" width=\"55\" height=\"94\" \/><\/a> <a href=\"https:\/\/joogarada.ee\/pood\/wp-content\/uploads\/2022\/11\/kvaliteedimark6.png\"><img loading=\"lazy\" decoding=\"async\" class=\"alignnone size-full wp-image-106\" src=\"https:\/\/joogarada.ee\/pood\/wp-content\/uploads\/2022\/11\/kvaliteedimark6.png\" alt=\"\" width=\"53\" height=\"94\" \/><\/a> <a href=\"https:\/\/joogarada.ee\/pood\/wp-content\/uploads\/2022\/11\/kvaliteedimark5.png\"><img loading=\"lazy\" decoding=\"async\" class=\"alignnone size-full wp-image-105\" src=\"https:\/\/joogarada.ee\/pood\/wp-content\/uploads\/2022\/11\/kvaliteedimark5.png\" alt=\"\" width=\"79\" height=\"85\" \/><\/a> <a href=\"https:\/\/joogarada.ee\/pood\/wp-content\/uploads\/2022\/11\/kvaliteedimark4.png\"><img loading=\"lazy\" decoding=\"async\" class=\"alignnone size-full wp-image-104\" src=\"https:\/\/joogarada.ee\/pood\/wp-content\/uploads\/2022\/11\/kvaliteedimark4.png\" alt=\"\" width=\"64\" height=\"95\" \/><\/a> <a href=\"https:\/\/joogarada.ee\/pood\/wp-content\/uploads\/2022\/11\/kvaliteedimark3.png\"><img loading=\"lazy\" decoding=\"async\" class=\"alignnone size-full wp-image-103\" src=\"https:\/\/joogarada.ee\/pood\/wp-content\/uploads\/2022\/11\/kvaliteedimark3.png\" alt=\"\" width=\"99\" height=\"99\" \/><\/a> <a href=\"https:\/\/joogarada.ee\/pood\/wp-content\/uploads\/2022\/11\/kvaliteedimark2.png\"><img loading=\"lazy\" decoding=\"async\" class=\"alignnone size-full wp-image-102\" src=\"https:\/\/joogarada.ee\/pood\/wp-content\/uploads\/2022\/11\/kvaliteedimark2.png\" alt=\"\" width=\"82\" height=\"100\" \/><\/a> <a href=\"https:\/\/joogarada.ee\/pood\/wp-content\/uploads\/2022\/11\/kvaliteedimark1.png\"><img loading=\"lazy\" decoding=\"async\" class=\"alignnone size-full wp-image-101\" src=\"https:\/\/joogarada.ee\/pood\/wp-content\/uploads\/2022\/11\/kvaliteedimark1.png\" alt=\"\" width=\"68\" height=\"97\" \/><\/a><\/p>\n","protected":false},"featured_media":86,"template":"","meta":[],"product_cat":[17],"product_tag":[],"class_list":["post-85","product","type-product","status-publish","has-post-thumbnail","hentry","product_cat-markmik"],"_links":{"self":[{"href":"https:\/\/joogarada.ee\/pood\/wp-json\/wp\/v2\/product\/85","targetHints":{"allow":["GET"]}}],"collection":[{"href":"https:\/\/joogarada.ee\/pood\/wp-json\/wp\/v2\/product"}],"about":[{"href":"https:\/\/joogarada.ee\/pood\/wp-json\/wp\/v2\/types\/product"}],"wp:featuredmedia":[{"embeddable":true,"href":"https:\/\/joogarada.ee\/pood\/wp-json\/wp\/v2\/media\/86"}],"wp:attachment":[{"href":"https:\/\/joogarada.ee\/pood\/wp-json\/wp\/v2\/media?parent=85"}],"wp:term":[{"taxonomy":"product_cat","embeddable":true,"href":"https:\/\/joogarada.ee\/pood\/wp-json\/wp\/v2\/product_cat?post=85"},{"taxonomy":"product_tag","embeddable":true,"href":"https:\/\/joogarada.ee\/pood\/wp-json\/wp\/v2\/product_tag?post=85"}],"curies":[{"name":"wp","href":"https:\/\/api.w.org\/{rel}","templated":true}]}}